f 46154 and t.
94
Let b be 150/3 + (3 - 1). Suppose 4*a = -2*h + b, -4*a = -2*a + 10. Let t = 42917 + -42737. Calculate the greatest common divisor of t and h.
36
Let j(r) = 5*r - 106. Let p(d) = d**3 - 8*d**2 - 4*d - 19. Let i be p(9). Let n be j(i). What is the greatest common factor of 264 and n?
24
Suppose -263 = -3*h + 2*h - 2*g, 4*h = 2*g + 1042. Suppose -157*n = -128*n - 261. What is the greatest common divisor of h and n?
9
Let d(k) = 4*k**2 - 26*k - 61. Let v be d(-10). Suppose -3*x = -5*i - v, -2*x + 391 = 6*i - i. What is the greatest common factor of x and 110?
22
Let i = -22316 + 23051. Calculate the greatest common divisor of 147 and i.
147
Let w = 10579 + -7331. What is the greatest common divisor of 348 and w?
116
Suppose 18*s - 13779 = -4*u + 23*s, -3*s - 3450 = -u. What is the greatest common factor of 555 and u?
111
Let y(k) = -k**3 + 7*k**2 - 14*k + 84. Let m be y(6). Calculate the highest common divisor of 66 and m.
6
Let m(b) = -b**3 - 38*b**2 - 71*b + 42. Let t be m(-36). Let h be 171 + -2 + (-1 - -6). What is the greatest common divisor of t and h?
6
Let b(h) = -4*h - 17. Let d be b(-5). Suppose -157*i = -424 - 518. Calculate the highest common factor of i and d.
3
Let s be 16/(-20)*(-150)/4. Let d be (-3)/(-6) + 3225/s. What is the greatest common divisor of d and 81?
27
Suppose -131*g + 1137300 = -74*g + 166*g. Calculate the greatest common factor of g and 600.
300
Let s = 33 + -33. Suppose -c + 52 + 80 = s. Suppose 0 = -2*u - 2*u + c. What is the highest common divisor of 22 and u?
11
Suppose 39 = i + 2*a, -142 = -7*i + 3*i - a. Let g(k) = -6*k**3 - 55*k**2 - 9*k + 14. Let x be g(-9). What is the highest common factor of i and x?
7
Let p = -27 + 47. Let v be (3 - 0)/(36/36). Let n be (-4)/(v*6/(-630)). Calculate the greatest common factor of n and p.
20
Let g(f) = -f**3 + 12*f**2 - 46*f + 643. Let l be g(12). Calculate the greatest common factor of 585 and l.
13
Suppose d - 2*z - 12 = 14, 86 = 4*d - 2*z. Let p be 12/((40/800)/(14/16)). Calculate the highest common divisor of d and p.
10
Let k be -2 - 39765/22*5/((-175)/28). Calculate the highest common divisor of 2052 and k.
76
Let g(y) = 2014*y + 1127. Let m be g(0). What is the greatest common factor of m and 1421?
49
Suppose -4*x + 2*v = -37 - 9, 2*x = 3*v + 29. Suppose -x*i + 1320 = 50*i. Calculate the greatest common factor of 209 and i.
11
Let s(l) = -168*l**3 + 7*l + 7. Let i be s(-1). Suppose 14*z = -14 + i. Suppose -3*q = -q - 110. Calculate the greatest common factor of q and z.
11
Let o(i) = 4. Let m(r) = -12*r - 71. Let k(x) = 2*m(x) - 22*o(x). Let p be k(-10). What is the greatest common divisor of 290 and p?
10
Let i(m) = 3*m**2 - 12*m - 12. Let g be i(6). Let j = -6159 + 6195. What is the greatest common factor of j and g?
12
Suppose 5*i + 69 = 4*l, 18 = 2*l + l + 3*i. Let w be (-4 - -6)*(-1 - l). Let k = w + 62. Calculate the greatest common divisor of k and 57.
19
Let v be 213 - (2 + 1)*10/30. Let n = 592 - v. What is the highest common divisor of n and 20?
20
Suppose -3*r + 14 + 124 = 0. Let c = -4330 - -4445. What is the greatest common factor of c and r?
23
Let b be -5 + 7/7 - -346. Let n = b + -199. Calculate the highest common factor of 65 and n.
13
Let u(v) = 9*v**2 - 185*v + 6. Let f be u(22). Suppose j = -f + 496. Calculate the highest common divisor of 306 and j.
102
Let s = 216 - 162. Suppose 49 = -8*p + 12*p - 5*i, 3*p + 2*i = s. Calculate the highest common divisor of 40 and p.
8
Suppose -h - 2*h + 321 = 5*o, -2*h = -3*o - 233. Suppose -3*b + 19*b = 672. Suppose 0 = 8*p - 5*p - b. Calculate the greatest common divisor of p and h.
14
Suppose -5*h = -u - 6, 0*u - 5*h = 3*u - 2. Let f(s) = 19*s**2 + 3*s + 2. Let o be f(u). Let i = 400 - 274. What is the greatest common factor of o and i?
18
Let v = -5815 - -7345. What is the greatest common divisor of 20 and v?
10
Suppose 0 = 3*i + 3*y - 3, 5*i + 4*y = -0*y + 10. Let s = 24 - i. Let x be 205/9 + -4 + 4/s. Calculate the greatest common divisor of x and 19.
19
Suppose 23*s + 6727 = 39*s + 1975. What is the greatest common factor of s and 3333?
33
Let t = -30 + 4. Let x = t - -58. Suppose 0 = 2*h + h + 2*r - 96, 2*h - 64 = -2*r. What is the greatest common factor of h and x?
32
Let l = 1101 - 1090. What is the highest common divisor of l and 8657?
11
Suppose 0 = -16*o + 3*o - 1937. Let g = -21 - o. What is the highest common divisor of 16 and g?
16
Let b be ((-260)/(-234))/((-25)/(-810)). Calculate the greatest common divisor of b and 99.
9
Suppose 257*r - 35 = 256*r + m, -5*r = 2*m - 196. Calculate the highest common factor of r and 760.
38
Let b = 9968 - 9715. Calculate the highest common divisor of 528 and b.
11
Suppose -3*l = -5*q + 519, l = -178 + 170. What is the greatest common divisor of 1353 and q?
33
Let i(d) = 8*d + 135. Let v be i(-10). Let j be (-1 - 1)/(2 - (-36)/(-15)). Calculate the highest common factor of v and j.
5
Suppose -2*r = -r - 7*d - 287, 1079 = 4*r - 5*d. Let h(b) = -b**3 + 8*b**2 + 18*b - 39. Let m be h(9). Calculate the highest common factor of r and m.
14
Let l = 74 + -56. Let i be (-3 + 9)/(4/l). Suppose -i + 0 = -3*q. What is the highest common factor of 12 and q?
3
Let k be (186 - 192)*((-32)/6)/2. Suppose 0 = k*l - 6503 - 12441. What is the greatest common factor of l and 37?
37
Let f(a) = 14190*a**2 - 17*a + 23. Let k be f(1). Calculate the highest common divisor of k and 84.
84
Let v(p) = p**2 - 19*p - 54. Let y be v(21). Let k(x) = x**2 + 6*x + 29. Let l be k(y). Let a = -100 + l. Calculate the greatest common factor of a and 5.
1
Let d(c) = 4922*c - 6*c**2 + 3*c**3 - 4*c**3 - 4921*c. Let q be d(-9). What is the highest common divisor of q and 18?
18
Let f be 1/(2/17 + (-274)/2618). Suppose -28*y - 6039 + 34067 = 0. Calculate the highest common divisor of y and f.
77
Suppose -6*n = -3*n - 69. Let s = n + -3. Suppose 2*a - 23 = -3*i, 0 = -2*a - 0*a - 2*i + s. What is the highest common factor of 21 and a?
7
Suppose -2*g + 142 = 3*h, -3*g - 2*h + 85 + 138 = 0. Let v(c) = 5*c**3 + 31*c**2 + 4*c + 9. Let z be v(-6). Calculate the greatest common divisor of g and z.
7
Suppose 5 = p, 11 = -3*a - 0*a + p. Let n be (4/(-4))/(a/198). Suppose 0 = 58*u - 41*u - 187. Calculate the highest common factor of n and u.
11
Let n be (2 + 0)*(5 - 2). Let w be 87/18 - 7/(-42). Let k(o) = -6*o**2 + 39*o + 9. Let f be k(w). What is the highest common factor of n and f?
6
Let j(h) = 3*h**3 - 31*h**2 + 37*h + 33. Let r be j(11). Calculate the greatest common divisor of 88 and r.
22
Suppose 666 = 13*z + 24*z. Let q be (5/(-4))/((-3)/12). Let l be (q/(-15))/((-1)/18). Calculate the highest common divisor of z and l.
6
Let v(z) = 22 - 54*z - 59*z + 13*z + 2. Let b be v(-3). Let i(m) = 4*m**2 + m - 3. Let q be i(3). What is the highest common factor of b and q?
36
Let x = -28 + 46. Let d = x - -6. Suppose 35*s + 33*s = 36*s + 7680. Calculate the highest common divisor of s and d.
24
Let w = 15482 - 15297. Calculate the highest common divisor of w and 125.
5
Let m = 207 + -199. Let y be ((-126)/m*(11 - 7))/(-1). What is the highest common factor of 117 and y?
9
Let z(c) be the first derivative of -49*c**2/2 - 76*c + 165. Let a be z(-13). Calculate the greatest common factor of 33 and a.
33
Let d = -552 - -556. Suppose -7*t - d*t = -440. What is the highest common factor of 110 and t?
10
Suppose 3*z - 5*z - 10 = -4*k, -7 = 3*z - 4*k. Let g be (65/(-1))/(-5) + (1 - z). Suppose -308 = 33*o - 37*o. What is the greatest common divisor of o and g?
11
Suppose -8*u = -2213 - 21715. Suppose u = -3*j + 999. Let w be (-88)/132 + j/(-6) + 0. Calculate the highest common factor of 44 and w.
22
Suppose -19744 = 10*t - 24634. Calculate the highest common factor of 6 and t.
3
Suppose -5005 = 260*b - 263*b - s, 0 = 3*s - 21. Calculate the greatest common factor of 98 and b.
98
Suppose 3698 - 48068 = -18*c. What is the greatest common factor of 145 and c?
145
Suppose 0 = -2*s - 54*d + 50*d + 294, 4*s = 4*d + 636. Calculate the highest common divisor of s and 3565.
155
Suppose 114*p - 66*p = 63*p - 12150. Calculate the greatest common factor of p and 150.
30
Let r(f) = -2*f**2 - 20*f - 11. Let o be r(-9). Suppose -2446 - 2671 = -o*q. Calculate the greatest common divisor of q and 43.
43
Suppose p + 13